= 12 + -17. Let o = 12 - a. Suppose -3*y + o - 2 = 3*u, 4*u = 8. Calculate the highest common factor of y and 24.
3
Suppose -6*f + 2 = -4*f. Let l be f + 3 + 2/1. Calculate the highest common factor of l and 6.
6
Suppose -r + 15 = 5*d, 3*d - r + 9 = 2*r. Suppose -o = -d*o. Suppose -3*v + o*v + 9 = 0. What is the highest common divisor of v and 9?
3
Let x = 236 + -82. Calculate the greatest common divisor of x and 22.
22
Suppose 0*r + 5*r = 30. Suppose -60 = v - r*v. Let s be (1/(-3))/((-1)/6). What is the highest common factor of v and s?
2
Let h(g) = g**3 - 6*g**2 + 3. Let n be h(6). Suppose 0 = -n*d + 2*z + 21 + 61, 68 = 2*d + 2*z. Calculate the highest common divisor of 20 and d.
10
Suppose s + 0*s = 4*j - 2, -2*j = -5*s + 26. What is the highest common divisor of 12 and s?
6
Suppose -5*w - 3 - 1 = 4*q, -4*q + 8 = 2*w. Let r be 6/15 - (-436)/10. What is the greatest common factor of q and r?
4
Let w(z) = z**3 + 4*z**2 - 20*z + 9. Let u be w(-7). What is the highest common factor of 8 and u?
2
Let c(w) = w**2 + 4*w + 4. Let l be c(-4). Suppose -3*i + l*z = 7*z + 240, -4*z = -2*i - 172. Let d = -46 - i. What is the greatest common factor of 18 and d?
18
Let x be (70/(-3) + 0)*(-378)/84. Calculate the highest common divisor of x and 35.
35
Suppose 4*p - 35 + 11 = 0. Let z(i) be the third derivative of -5*i**4/12 + 4*i**3/3 + 8*i**2. Let d be z(-4). Calculate the greatest common factor of d and p.
6
Let g be (-3 - 0)*(-3)/3. Calculate the greatest common factor of g and 6.
3
Let t(n) = -n**2 - 10*n + 3. Let z be t(-6). Let m = z - 7. Suppose -3*v + 3*y = -90, -3*y + 7 = 3*v - 83. Calculate the greatest common factor of m and v.
10
Let w(g) = 8*g**3 + g**2 + 2*g - 1. Let u be w(-2). Let z = u + 175. Suppose -3*s = -23 - 10. What is the greatest common factor of z and s?
11
Suppose 17*h = 15*h + 40. What is the highest common divisor of h and 280?
20
Let v be 27*-2*(-1)/2. Suppose -3*i = 3*w - 3 - v, -7 = -w + 2*i. What is the highest common divisor of 99 and w?
9
Suppose -5*o + 440 = -o. Let j = 34 + -24. Calculate the highest common divisor of o and j.
10
Suppose -4 = -u + 8. What is the greatest common divisor of u and 96?
12
Suppose 0 = 29*d - 4*d - 1750. Calculate the greatest common factor of 35 and d.
35
Let j(w) = w**2 - 5. Let k be j(-5). Suppose 3*v = v + 10. Calculate the highest common factor of v and k.
5
Let d(o) = -o**3 + o**2 + 8. Let k(i) = -i + 1. Let c be k(1). Let a be d(c). What is the greatest common factor of 72 and a?
8
Let t(x) = 6*x - 9. Let d be t(5). What is the highest common factor of d and 231?
21
Let b be 16*(-2 - 7/(-2)). What is the highest common factor of b and 12?
12
Suppose -31*c + 38*c = 560. Calculate the greatest common divisor of 16 and c.
16
Let g be 126/33 + 8/44. What is the highest common factor of 44 and g?
4
Suppose 4*z - 75 = -z. Suppose 0*f - 5*f = -z. Suppose 50 = 2*n + f*n. What is the highest common divisor of n and 100?
10
Suppose -5*c + 2*x - x = -681, 4*x = -4. Suppose -c = -9*v + 5*v. What is the highest common divisor of 51 and v?
17
Suppose 0 = 2*b - 3*v + 2*v - 33, 2*v - 18 = -2*b. Suppose 0*j - 2*j = 0. Suppose j = -3*u - 0 + 84. What is the highest common factor of b and u?
14
Suppose s - 5*j - 11 = 0, j + 6 = -2*j. Let r(w) = -w**3 + 10*w**2 - w + 14. Let z be r(10). Calculate the greatest common factor of z and s.
1
Let d be (-4)/10*(-1 + -119). Let c(n) = 2*n - 3. Let k be c(6). Let u = -3 + k. What is the greatest common divisor of u and d?
6
Let a(v) = -v**2 + 9*v - 7. Let z be a(4). Calculate the highest common factor of 143 and z.
13
Suppose 0*c = 3*c - 69. Suppose b = -3*g + 2*g + 13, -5*g = 2*b - c. Let l = -3 + b. What is the greatest common factor of 11 and l?
11
Let d(z) = -2*z + 1. Let s be d(-1). Suppose -s*u + 26 = 4*x, 5*u = -x - 3*x + 22. What is the greatest common factor of 4 and x?
4
Suppose 0 = -j + 2 + 18. Suppose -3*q + 4 + 11 = -s, 4*q + 5*s - 1 = 0. What is the highest common factor of q and j?
4
Let i(f) = f**2 + 13*f + 7. Let u be i(6). What is the highest common divisor of 11 and u?
11
Let u(i) = 2*i - 8. Let g be u(6). Let a = g - -18. Suppose -2*l + a = -3*z + 4*z, 2*l = 10. Calculate the highest common factor of 24 and z.
12
Let s(r) = r**3 + r + 2. Let q be s(0). Let w be (-3 - 0)/6*q. Let u = w - -6. What is the highest common divisor of u and 5?
5
Let c = -18 - -11. Let j(y) = -y**2 - 15*y + 3. Let p be j(c). Suppose -5*f - p = -149. What is the highest common divisor of f and 6?
6
Let o = -21 - -37. Suppose 0 = 2*t + 2*t - 128. What is the greatest common divisor of o and t?
16
Suppose j = 6*j - 725. Suppose 0 = -4*y - 13 + j. Suppose -6 = -4*o + 2*o. Calculate the greatest common divisor of y and o.
3
Suppose -150 = -3*j - 414. Let t be 2/(-2 - 180/j). What is the greatest common factor of 110 and t?
22
Let u be 3/18*3*-10. Let s(h) = h**2 + 3*h - 1. Let f be s(u). Calculate the greatest common divisor of f and 99.
9
Let j be (16 - 7)*(0 + (-3)/(-9)). What is the greatest common divisor of 3 and j?
3
Suppose -2*q - 504 = -4*m - q, 2*q - 504 = -4*m. Calculate the greatest common divisor of m and 7.
7
Suppose 4*m - 5*z = 330 - 95, 2*z + 58 = m. Let n = -6 + 30. Calculate the greatest common factor of n and m.
12
Let k(w) = w**3 - w**2 - w + 5. Let a be k(0). Let j(z) = 14*z - 6. Let v be j(a). What is the greatest common divisor of v and 8?
8
Suppose 0 = -5*s - 2*g + 42, -g - 27 = -3*s + 7. Let c = 12 + s. Calculate the greatest common divisor of c and 33.
11
Suppose 0*d = -3*d. Suppose -4*h - 24 = -x, 2*x + d*x - 23 = 3*h. Calculate the greatest common divisor of 12 and x.
4
Let l(w) = -2*w + 10. Let a(m) = -m - 1. Let g(c) = -a(c) + l(c). Let t be g(-7). Calculate the highest common divisor of 2 and t.
2
Let l be ((-2)/4)/1*-24. Let a(c) = 5*c - 7. Let d be a(7). Let n = -10 + d. Calculate the greatest common factor of n and l.
6
Let l(y) = -54*y**3 + y**2 - 1. Let b be l(-1). What is the highest common factor of 162 and b?
54
Suppose 8*b = 262 - 6. What is the greatest common factor of 80 and b?
16
Let q = 59 - 9. Suppose -4 + 24 = 2*z. Calculate the greatest common divisor of q and z.
10
Suppose -580 = -6*x + 2*x. Suppose -c - 10 = -5, 3*q - x = 5*c. What is the greatest common factor of q and 10?
10
Let n(t) = 5*t + 7. Let w(v) = 14*v + 22. Let h(c) = 8*n(c) - 3*w(c). Let a be h(-7). What is the highest common divisor of 24 and a?
4
Let u(w) = 2*w**3 + 2*w**2 - 4*w. Let g be u(3). Calculate the greatest common divisor of 20 and g.
20
Suppose -5*z + 3*h + 88 = -272, h - 5 = 0. Calculate the highest common divisor of z and 50.
25
Let j(z) = -z + 6. Let r be j(6). Suppose -3*h - 2*w + 19 = r, 5*w - 37 = -0*h - 4*h. Calculate the greatest common factor of 3 and h.
3
Let u(z) = -2*z - 12. Let l be u(-11). Let h = l + -6. Calculate the highest common divisor of 16 and h.
4
Let k(v) = v**2. Let j be k(-1). Suppose -m - s - j = -13, m - 3*s = 0. What is the greatest common divisor of 99 and m?
9
Let r(w) = -2*w**3 + 7*w**2 - 5*w + 1. Let t be 3 - 1/(-1)*1. Let d be r(t). Let l be (d/2)/5*-4. Calculate the highest common divisor of l and 70.
14
Let c be (-4 + 0)/((-31)/1922). What is the greatest common factor of c and 31?
31
Let p be -9*(0 + -1)/1. Let w be 61/p - 2/(-9). Suppose -2*i - 50 = -2*b, -3*i - 31 = -2*b + 23. Calculate the greatest common divisor of b and w.
7
Suppose 0 = -2*v - 2*v. Suppose v = -3*x + 9. Let u = x + 3. Calculate the greatest common factor of u and 12.
6
Let o be 0/2 - (-4 - -4). Suppose o = m + 4*m + 2*j - 190, 2*m + 2*j = 70. Let b be (24/15)/(1/m). Calculate the greatest common factor of b and 8.
8
Suppose 3*k + 4*r = 546, k - 2*k - 5*r + 182 = 0. What is the greatest common factor of 14 and k?
14
Let s = 150 + -135. Calculate the highest common divisor of 195 and s.
15
Let n be 9/(-12) + 1/(-4). Let d = -1 - n. Suppose -t - t + 196 = d. What is the highest common divisor of 14 and t?
14
Let i(z) = z**2 + 7*z. Let q be i(-15). Calculate the greatest common divisor of 24 and q.
24
Let x be (-2)/(-9) + (-248)/(-18). Let k be (-2)/x - (-460)/35. What is the greatest common factor of 13 and k?
13
Let v(x) = -8*x - 10. Let d(k) = 1. Let q(y) = 18*d(y) + 2*v(y). Let g be q(-2). What is the highest common divisor of g and 6?
6